n 14396083 is divided by 165?
163
Calculate the remainder when 39968 is divided by 19813.
342
What is the remainder when 1584115 is divided by 2185?
2175
Calculate the remainder when 54984 is divided by 368.
152
Calculate the remainder when 20147652 is divided by 1822.
1798
What is the remainder when 82900363 is divided by 9?
4
What is the remainder when 1058164 is divided by 444?
112
What is the remainder when 165211054 is divided by 801?
799
What is the remainder when 10733435 is divided by 2164?
2159
What is the remainder when 443874 is divided by 110954?
58
What is the remainder when 1234694 is divided by 68588?
110
What is the remainder when 225119 is divided by 1147?
307
What is the remainder when 358472018 is divided by 458?
456
Calculate the remainder when 33618367 is divided by 1514.
1511
What is the remainder when 1390181 is divided by 3960?
221
Calculate the remainder when 198898 is divided by 196255.
2643
Calculate the remainder when 589767710 is divided by 2056.
2054
What is the remainder when 1483505 is divided by 9633?
23
What is the remainder when 4096912 is divided by 559?
1
Calculate the remainder when 10319095 is divided by 80.
55
Calculate the remainder when 43825886 is divided by 18185.
36
What is the remainder when 40361 is divided by 164?
17
Calculate the remainder when 782102 is divided by 747.
740
Calculate the remainder when 10954136 is divided by 20865.
11
Calculate the remainder when 28390494 is divided by 5.
4
Calculate the remainder when 245291 is divided by 494.
267
What is the remainder when 1841338 is divided by 524?
2
What is the remainder when 5920408 is divided by 18?
10
What is the remainder when 170850 is divided by 1941?
42
Calculate the remainder when 15159 is divided by 14049.
1110
Calculate the remainder when 45670 is divided by 1682.
256
What is the remainder when 110465420 is divided by 5328?
5324
Calculate the remainder when 703104 is divided by 11159.
87
What is the remainder when 44178120 is divided by 6311155?
35
What is the remainder when 398388 is divided by 44?
12
What is the remainder when 14445590 is divided by 2564?
14
What is the remainder when 5520750 is divided by 838?
6
Calculate the remainder when 84945970 is divided by 1797.
1780
What is the remainder when 72848 is divided by 4045?
38
What is the remainder when 87777 is divided by 12503?
256
Calculate the remainder when 286431 is divided by 1509.
1230
What is the remainder when 189156 is divided by 2394?
30
Calculate the remainder when 55971 is divided by 152.
35
What is the remainder when 86345 is divided by 1345?
265
What is the remainder when 72160 is divided by 374?
352
What is the remainder when 12465826 is divided by 2574?
2518
What is the remainder when 17074369 is divided by 2850?
19
What is the remainder when 7478959 is divided by 5278?
33
What is the remainder when 27445024 is divided by 78?
22
Calculate the remainder when 2628929 is divided by 328613.
25
Calculate the remainder when 10752946 is divided by 2355.
16
Calculate the remainder when 1685718 is divided by 2.
0
What is the remainder when 17954 is divided by 1247?
496
What is the remainder when 2283329 is divided by 42?
41
Calculate the remainder when 540605 is divided by 13502.
525
What is the remainder when 15718253 is divided by 5239381?
110
Calculate the remainder when 394213 is divided by 1394.
1105
Calculate the remainder when 164938 is divided by 600.
538
What is the remainder when 514060 is divided by 356?
352
Calculate the remainder when 168076 is divided by 7945.
1231
Calculate the remainder when 96604 is divided by 48189.
226
What is the remainder when 1253538 is divided by 313372?
50
Calculate the remainder when 6264404 is divided by 368492.
40
What is the remainder when 13456 is divided by 176?
80
Calculate the remainder when 560178 is divided by 775.
628
Calculate the remainder when 307961404 is divided by 9.
7
What is the remainder when 503568 is divided by 4302?
234
Calculate the remainder when 118858 is divided by 344.
178
Calculate the remainder when 23439153 is divided by 1917.
1911
Calculate the remainder when 40862 is divided by 6787.
140
What is the remainder when 7926919 is divided by 33167?
6
Calculate the remainder when 9116367 is divided by 6102.
6081
Calculate the remainder when 8695582 is divided by 2146.
2136
What is the remainder when 2841072 is divided by 489?
471
What is the remainder when 18365721 is divided by 1948?
1925
What is the remainder when 795023 is divided by 1291?
1058
Calculate the remainder when 61539746 is divided by 2026.
2022
What is the remainder when 25637 is divided by 2547?
167
What is the remainder when 138589 is divided by 138173?
416
What is the remainder when 17733 is divided by 1759?
143
Calculate the remainder when 134276 is divided by 66429.
1418
Calculate the remainder when 84556 is divided by 42143.
270
What is the remainder when 5182749 is divided by 21327?
288
Calculate the remainder when 576822 is divided by 83.
55
What is the remainder when 2307848 is divided by 481?
10
Calculate the remainder when 13180223 is divided by 6590104.
15
What is the remainder when 652150 is divided by 535?
520
What is the remainder when 1566602 is divided by 522197?
11
What is the remainder when 44974667 is divided by 26?
23
What is the remainder when 236139 is divided by 891?
24
What is the remainder when 431809 is divided by 1700?
9
What is the remainder when 5591 is divided by 379?
285
Calculate the remainder when 32291530 is divided by 460.
450
Calculate the remainder when 168363 is divided by 33455.
1088
What is the remainder when 646569 is divided by 129191?
614
What is the remainder when 56075 is divided by 2980?
2435
Calculate the remainder when 7281469 is divided by 1360.
29
What is the remainder when 404159 is divided by 14429?
147
Calculate the remainder when 36981 is divided by 279.
153
What is the remainder when 2793779 is divided by 2793436?
343
Calculate the remainder when 10646004 is divided by 1774333.
6
Calculate the remainder when 617242 is divided by 1190.
822
What is the remainder when 6670 is divided by 6055?
615
What is the remainder when 1063330 is divided by 68?
14
What is the remainder when 334349 is divided by 282?
179
Calculate the remainder when 82666 is divided by 9083.
919
Calculate the remainder when 3681879 is divided by 638.
619
What is the remainder when 2223670 is divided by 9041?
8625
What is the remainder when 837010 is divided by 11?
9
Calculate the remainder when 3193772 is divided by 7161.
7127
Calculate the remainder when 182699 is divided by 1194.
17
What is the remainder when 174697 is divided by 43670?
17
What is the remainder when 73182 is divided by 24211?
549
What is the remainder when 1355607 is divided by 1086?
279
Calculate the remainder when 798840 is divided by 2864.
2648
What is the remainder when 110556 is divided by 178?
18
What is the remainder when 162456690 is divided by 157?
155
What is the remainder when 500520 is divided by 580?
560
Calculate the remainder when 664996 is divided by 44.
24
Calculate the remainder when 1438906 is divided by 1438389.
517
Calculate the remainder when 38891214 is divided by 1068.
1062
Calculate the remainder when 103377221 is divided by 523.
518
What is the remainder when 4407238 is divided by 1276?
1210
What is the remainder when 2821962 is divided by 122?
102
What is the remainder when 1442951 is divided by 67?
39
Calculate the remainder when 571072 is divided by 6862.
1526
Calculate the remainder when 249381 is divided by 524.
481
What is the remainder when 13227517 is divided by 289?
276
Calculate the remainder when 387144 is divided by 35103.
1011
What is the remainder when 678549 is divided by 67854?
9
What is the remainder when 5285618 is divided by 340?
318
Calculate the remainder when 91143 is divided by 22776.
39
What is the remainder when 4384890 is divided by 1693?
20
Calculate the remainder when 475021 is divided by 182.
1
Calculate the remainder when 118381 is divided by 2189.
175
Calculate the remainder when 40099 is divided by 635.
94
Calculate the remainder when 1616031223 is divided by 9739.
9736
What is the remainder when 5671606 is divided by 60?
46
Calculate the remainder when 67905147 is divided by 9700734.
